{"id":4651,"date":"2024-07-26T11:05:41","date_gmt":"2024-07-26T09:05:41","guid":{"rendered":"https:\/\/ghana.diplomatie.gov.bf\/?page_id=4651"},"modified":"2024-10-01T14:59:10","modified_gmt":"2024-10-01T12:59:10","slug":"informations","status":"publish","type":"page","link":"https:\/\/ghana.diplomatie.gov.bf\/index.php\/informations\/","title":{"rendered":"Informations"},"content":{"rendered":"\t\t<div data-elementor-type=\"wp-page\" data-elementor-id=\"4651\" class=\"elementor elementor-4651\" data-elementor-post-type=\"page\">\n\t\t\t\t<div data-particle_enable=\"false\" data-particle-mobile-disabled=\"false\" class=\"elementor-element elementor-element-74e3b7d e-flex e-con-boxed e-con e-parent\" data-id=\"74e3b7d\" data-element_type=\"container\" data-e-type=\"container\">\n\t\t\t\t\t<div class=\"e-con-inner\">\n\t\t\t\t<div class=\"elementor-element elementor-element-fa8b9c7 elementor-widget elementor-widget-text-editor\" data-id=\"fa8b9c7\" data-element_type=\"widget\" data-e-type=\"widget\" data-widget_type=\"text-editor.default\">\n\t\t\t\t<div class=\"elementor-widget-container\">\n\t\t\t\t\t\t\t\t\t<p><strong><u>PR\u00c9SENTATION DE LA COMMUNAUT\u00c9 BURKINAB\u00c8 AU GHANA\u00a0\u00a0<\/u><\/strong><\/p><ul><li><strong>Composition<\/strong><\/li><\/ul><p>Au Ghana nous distinguons trois g\u00e9n\u00e9rations de Burkinab\u00e8. La g\u00e9n\u00e9ration arriv\u00e9e pendant la p\u00e9riode coloniale ou apr\u00e8s les ind\u00e9pendances, celle n\u00e9e au Ghana et celle issue de parents n\u00e9s au Ghana. Notons que la majorit\u00e9 de ceux qui y sont n\u00e9s a souvent opt\u00e9 pour la nationalit\u00e9 du pays d\u2019accueil. A c\u00f4t\u00e9 de ces groupes, existe une autre cat\u00e9gorie de Burkinab\u00e9, install\u00e9e dans le pays, g\u00e9n\u00e9ralement pour des raisons professionnelles. Ces personnes font souvent appel aux services de l\u2019Ambassade pour l\u2019\u00e9tablissement d\u2019actes divers.\u00a0<\/p><p>Des statistiques fiables n\u2019existent pas, mais le nombre estimatif de personnes d\u2019origine burkinab\u00e8 vivant au Ghana est sup\u00e9rieur \u00e0 trois millions.\u00a0<\/p><p>Les statistiques consulaires font ressortir plus de douze mille Burkinab\u00e8 immatricul\u00e9s. La majorit\u00e9 des Burkinab\u00e8 travaille dans le secteur informel (m\u00e9canique, couture, jardinage, arts, employ\u00e9 de commerce, chauffeur-Transporteur). A ces derniers s\u2019ajoutent les fonctionnaires internationaux, les op\u00e9rateurs \u00e9conomiques et les \u00e9tudiants.<\/p><p>Les r\u00e9partitions par secteur d\u2019activit\u00e9s donnent\u00a0:<\/p><ul><li>Plus de quatre cent \u00e9tudiants ;\u00a0<\/li><li>Plus d\u2019une vingtaine d\u2019op\u00e9rateurs \u00e9conomiques\u00a0;<\/li><li>Plus d\u2019une quinzaine de fonctionnaires internationaux.<\/li><\/ul><p>Dix-huit (18) associations de ressortissants burkinab\u00e8 figurent dans les registres de l\u2019Ambassade. Cependant moins de cinq (05) Associations poss\u00e8dent un r\u00e9c\u00e9piss\u00e9.\u00a0<\/p><ul><li><strong>Contraintes li\u00e9es \u00e0 la nationalit\u00e9 et \u00e0 un contexte mon\u00e9taire incertain<\/strong><\/li><\/ul><p>Les ressortissants burkinab\u00e8 sont parfaitement int\u00e9gr\u00e9s dans la soci\u00e9t\u00e9 ghan\u00e9enne avec une forte concentration de Burkinab\u00e8 dans le Nord du Ghana.<\/p><p>Dans la l\u00e9gislation ghan\u00e9enne, seuls les nationaux peuvent pr\u00e9tendre \u00e0 un emploi au Ghana, que ce soit dans le public ou le priv\u00e9. En ce qui concerne l\u2019acc\u00e8s aux services publics, notamment l\u2019\u00e9ducation et la sant\u00e9, les frais sont syst\u00e9matiquement major\u00e9s au double voire au triple pour les non-nationaux. Cette r\u00e9alit\u00e9 a pouss\u00e9 les Burkinab\u00e8 d\u2019origine \u00e0 s\u2019identifier comme ghan\u00e9ens pour pouvoir s\u2019int\u00e9grer dans tous les domaines d\u2019activit\u00e9s<br \/>Au niveau \u00e9conomique, les commer\u00e7ants et hommes d\u2019affaires burkinab\u00e8 sont enthousiastes \u00e0 l\u2019id\u00e9e de faire du business au Ghana malgr\u00e9 la barri\u00e8re linguistique et de participer au renforcement de la production locale. Mais ils sont constamment confront\u00e9s \u00e0 l\u2019instabilit\u00e9 du Ghana cedi par rapport au Franc CFA<strong>. <\/strong>Ils sont parfois victimes de marginalisation et connaissent des difficult\u00e9s pour l\u2019obtention de documents pour mener \u00e0 bien leurs activit\u00e9s.<\/p>\t\t\t\t\t\t\t\t<\/div>\n\t\t\t\t<\/div>\n\t\t\t\t\t<\/div>\n\t\t\t\t<\/div>\n\t\t\t\t<\/div>\n\t\t","protected":false},"excerpt":{"rendered":"<p>PR\u00c9SENTATION DE LA COMMUNAUT\u00c9 BURKINAB\u00c8 AU GHANA\u00a0\u00a0 Composition Au Ghana nous distinguons trois g\u00e9n\u00e9rations de Burkinab\u00e8. La g\u00e9n\u00e9ration arriv\u00e9e pendant la p\u00e9riode coloniale ou apr\u00e8s les ind\u00e9pendances, celle n\u00e9e au Ghana et celle issue de parents n\u00e9s au Ghana. Notons que la majorit\u00e9 de ceux qui y sont n\u00e9s a souvent opt\u00e9 pour la nationalit\u00e9 [&hellip;]<\/p>\n","protected":false},"author":9,"featured_media":0,"parent":0,"menu_order":0,"comment_status":"closed","ping_status":"closed","template":"elementor_header_footer","meta":{"_acf_changed":false,"_monsterinsights_skip_tracking":false,"_monsterinsights_sitenote_active":false,"_monsterinsights_sitenote_note":"","_monsterinsights_sitenote_category":0,"footnotes":""},"class_list":["post-4651","page","type-page","status-publish","hentry"],"acf":[],"_links":{"self":[{"href":"https:\/\/ghana.diplomatie.gov.bf\/index.php\/wp-json\/wp\/v2\/pages\/4651","targetHints":{"allow":["GET"]}}],"collection":[{"href":"https:\/\/ghana.diplomatie.gov.bf\/index.php\/wp-json\/wp\/v2\/pages"}],"about":[{"href":"https:\/\/ghana.diplomatie.gov.bf\/index.php\/wp-json\/wp\/v2\/types\/page"}],"author":[{"embeddable":true,"href":"https:\/\/ghana.diplomatie.gov.bf\/index.php\/wp-json\/wp\/v2\/users\/9"}],"replies":[{"embeddable":true,"href":"https:\/\/ghana.diplomatie.gov.bf\/index.php\/wp-json\/wp\/v2\/comments?post=4651"}],"version-history":[{"count":7,"href":"https:\/\/ghana.diplomatie.gov.bf\/index.php\/wp-json\/wp\/v2\/pages\/4651\/revisions"}],"predecessor-version":[{"id":5187,"href":"https:\/\/ghana.diplomatie.gov.bf\/index.php\/wp-json\/wp\/v2\/pages\/4651\/revisions\/5187"}],"wp:attachment":[{"href":"https:\/\/ghana.diplomatie.gov.bf\/index.php\/wp-json\/wp\/v2\/media?parent=4651"}],"curies":[{"name":"wp","href":"https:\/\/api.w.org\/{rel}","templated":true}]}}